e
Suppose 34 = -5*q + 344. Is q a prime number?
False
Let q = 1650 + -761. Is q composite?
True
Let d(o) = -o**3 - 4*o**2 - 2*o + 1. Let w be d(-2). Is (3 + -6)/(1/w) composite?
True
Is ((-669)/(-9))/((-4)/(-12)) a prime number?
True
Is (3787/14)/((-2)/(-4)) a composite number?
False
Let k(h) = -h**3 - 14*h**2 - 2. Let v be k(-14). Let l(o) = o**3 - 9*o**2 + 8*o + 3. Let b be l(7). Let j = v - b. Is j composite?
False
Suppose 17 + 22 = 3*p. Suppose 4*n - p = q, q - 13 = -2*q - n. Is q a composite number?
False
Suppose 0 = -y + 5*c + 3758, -4*c = -4*y + 14371 + 613. Is y prime?
False
Let l be -1*3/(-9)*-3. Let u be l + 2/(-4)*-6. Suppose -3*d = u*f - 76, -f = -4*d - 27 - 0. Is f a prime number?
False
Is (-3)/6*25524/(-6) composite?
True
Suppose 10*w - 5*w = 1855. Is w composite?
True
Is (1257/2)/(9/12) prime?
False
Let u = -326 - -973. Is u a composite number?
False
Let t(b) = -3*b**2 + 7. Let o(i) = -2*i**2 - i + 6. Let d(g) = -4*o(g) + 3*t(g). Let r be d(3). Is (r/1 + 1)*14 composite?
True
Let a(j) = j**3 - 4*j**2 + 5*j - 1. Is a(4) a prime number?
True
Suppose -k + 643 = -0*k - 4*g, 1221 = 2*k + 5*g. Is k a prime number?
False
Let m = 920 - 49. Is m a composite number?
True
Let w(z) be the second derivative of z**4/12 + z**2/2 - 4*z. Let t be w(1). Suppose 5*m - 2*r = 1285, 3*m + t*m - 5*r = 1285. Is m composite?
False
Let i(x) = 54*x**3 - 2*x**2 + 1. Suppose 0 = 4*h + 16, 5*h + 21 = -2*o + 3*o. Is i(o) prime?
True
Let g(s) = s**2 + 5*s + 3. Let v(i) = -i**2 + 6*i + 5. Let x be v(5). Suppose -x + 4 = k. Is g(k) composite?
True
Let z be (2 + -1 + -2)/(-1). Let f(s) = 53*s + 1 - 1. Is f(z) composite?
False
Let y = 281 + 708. Is y composite?
True
Let v(g) be the third derivative of g**5/60 - g**4/8 - g**3/6 - 2*g**2. Let i(f) = f**2 + 6*f - 6. Let d be i(-6). Is v(d) a composite number?
False
Is 2*(-1275)/(-24) - 1/4 prime?
False
Is (2/(-4))/((-6)/12)*953 composite?
False
Let y be ((-4)/(-3))/(11/33). Suppose 2*h - 856 = -4*i, -3*i + y*h + 211 = -420. Is i composite?
True
Suppose 3*p - 5*s = 232, 4*s - s = -2*p + 161. Suppose -81 = -4*g + p. Suppose -g + 396 = 4*o. Is o a prime number?
True
Let u = -22 + 27. Suppose -4*t + 3*h = t - 340, -u*h + 40 = t. Is t composite?
True
Let b(o) = -o - 2. Let w be b(0). Let n = w + 4. Is 153/12 + n/8 prime?
True
Suppose 1843 = 5*u + 5*d + 318, -3*u + 5*d = -891. Suppose 2*p + 7*k = 4*k + u, -5*p = -5*k - 805. Is p a prime number?
True
Suppose 0*k = 5*k - 35. Let m(l) = l**2 - 3*l + 2. Let o be m(-6). Let g = o - k. Is g a composite number?
True
Suppose 8*f - 3492 = -10*f. Is f a composite number?
True
Let g be 4/14 + (-2)/7. Let z(v) = -1 + 4 + g + 6*v. Is z(5) a prime number?
False
Suppose 7*d - 3*d = -2*t + 16, 0 = 4*t + 2*d - 14. Suppose j - 21 = -t*j. Suppose -4*i - 105 = -j*i. Is i a composite number?
True
Let y(w) = 13*w - 5. Let j be y(-3). Is ((-4191)/j)/((-6)/(-8)) prime?
True
Let j be 2*3*(-4)/(-6). Suppose -j*h + 52 - 8 = 0. Is h a prime number?
True
Let h = -4 - -9. Suppose -h*t = -2 - 18. Let w = t + 3. Is w a composite number?
False
Let r(x) = x - 15. Let c be r(11). Suppose 0 = 3*q - 3*d - 66, 0*q + d + 91 = 4*q. Let u = c + q. Is u a prime number?
True
Let t = -11 + 15. Is 62 + t/(-2) + -2 a prime number?
False
Let n(b) = -2*b**3 - b**2 - b - 9. Is n(-10) composite?
False
Let q = 87 - -398. Is q a composite number?
True
Let w be (18 - -4)*2/4. Let z(s) = s**3 - 11*s**2 + 15*s - 4. Is z(w) a composite number?
True
Is 1*((-12)/4 - -208) prime?
False
Is (-687)/(-13) - (-14)/91 prime?
True
Let l(s) = 22*s**2 - 5. Let a(v) = -v**2 + 6*v + 3. Let x be a(7). Is l(x) a composite number?
False
Let a(x) = 333*x - 7. Is a(2) a composite number?
False
Suppose -2 = -0*s - s. Let a(b) be the second derivative of 13*b**3/2 + b**2/2 + 7*b. Is a(s) a composite number?
False
Let g(m) = m**2 - 5*m - 4. Let k(t) = 3*t + 2. Let q(r) = 2*g(r) + 5*k(r). Is q(-9) prime?
False
Let v = -3 - -2. Let t = v + 3. Suppose -2*b + 8 = 0, 4*f - 92 = -6*b + t*b. Is f composite?
False
Suppose -3*t - t - 20 = 0, 4*a - 14946 = -2*t. Is a a prime number?
True
Suppose -h + 3*h + 675 = 3*c, -h + 889 = 4*c. Is c composite?
False
Suppose -3*l + 1 = -2*d - 6*l, 5*l = -5. Let q = 1 + d. Suppose 17 = q*b - 9. Is b composite?
False
Let l(c) be the first derivative of 4*c**2 + 17*c + 3. Is l(12) a prime number?
True
Suppose 2*w - 5*v + 6610 = 4*w, -2*v = 0. Is w composite?
True
Suppose -145 - 135 = -5*i. Let c be (1 + i)*(0 + 1). Let t = c - 34. Is t composite?
False
Let k(c) = 15*c**2 + 2*c + 1. Let w be k(2). Suppose -5*u + 40 = -w. Is u composite?
True
Let l = -112 - -375. Is l composite?
False
Let b = -695 + 1236. Is b prime?
True
Let o = 18 - 9. Let t be (-6 - -4) + 1*o. Suppose 0 = 2*k - 4*b - 10, b = t*k - 2*k - 70. Is k a composite number?
True
Let b(i) = 60*i**2 - 1. Let k(o) = -o**2 + 5*o - 5. Let x be k(3). Is b(x) a prime number?
True
Suppose -2*a + 6 = -0*a. Let b be 2*((-45)/(-6))/a. Suppose -5*q + 4*q - 5*o = -39, -186 = -4*q - b*o. Is q composite?
True
Let h = 9 + -7. Suppose -o = h*o - 105. Is o a prime number?
False
Let a = 23 - 33. Is a/(-15)*(-3)/(-1) composite?
False
Suppose -5*j + 1622 = 4*x, 5*x + 8 = -2. Is j a composite number?
True
Suppose 0*p - 2*p - 3*f = 880, 0 = -4*p - f - 1760. Let z = 654 + p. Is z prime?
False
Let b(h) = -6*h + 3. Suppose -18 = -4*l + 2. Let q be b(l). Is ((-14)/6)/(3/q) a prime number?
False
Suppose -b + 2*r = b - 4132, 0 = 2*b - 3*r - 4133. Suppose -4*l = l - b. Is l prime?
False
Suppose -32 = 7*p - 1159. Is p prime?
False
Suppose 0 = 3*n - 4*n + 22. Suppose -40 = -s + n. Suppose -c = -25 - s. Is c composite?
True
Suppose 3*j + 183 = p - 7, -3*j = 4*p - 715. Is p prime?
True
Suppose 3*h + 5*s - 3533 = 0, -3*h = -2*s + 480 - 4006. Suppose 3*m + m + 269 = k, -4*k + h = 4*m. Is k prime?
False
Suppose -3*u - 2 - 6 = -r, r - 16 = 5*u. Let a(x) be the first derivative of -20*x**2 + x + 3. Is a(u) composite?
True
Let p(n) = 933*n**3 + 1 - 4 + 2. Let u be p(1). Suppose 2*b + 128 = 4*f - u, -5*f + 1299 = 4*b. Is f prime?
True
Suppose 6 = 3*a + h, 2*h + 5 = -3*a + 14. Suppose 4*p + a = 3*w - 2*w, 4*w = -12. Is (-23)/(-2 - 0 - p) a composite number?
False
Let d = 303 - 694. Let r = 225 + d. Is ((-4)/(-8))/((-1)/r) composite?
False
Let d(y) = -6*y**3 + 2*y + 1. Let r be d(-1). Is (39/r)/((-4)/(-20)) a prime number?
False
Suppose 0*m + 3*m = 111. Is m a prime number?
True
Let y = -1238 + -2293. Is (-6)/15 + y/(-15) prime?
False
Let r(q) be the first derivative of -5*q**2 - 5*q + 1. Let m(x) = 3*x + 8. Let g be m(-4). Is r(g) a prime number?
False
Suppose -4*h = 3*c - 651, 4*h + 2*c = -2*c + 656. Suppose h = 4*p - 181. Is p a composite number?
True
Let i be -30*6/15*3. Let j = -10 + 7. Is i/j - (-1 + 2) prime?
True
Let z(p) = -p - 1. Suppose -3*s = 5*x + 2, 2*x = 2*s - 6*s - 12. Let c be z(s). Suppose i - 125 = -5*t, -16 = -c*t + 4*i + 59. Is t composite?
True
Suppose -4*l - 2*y + 52 = 0, -50 = l - 4*l + 4*y. Let v be 7*(-6)/l*-2. Is 2*(165/v + -1) prime?
True
Let r(l) = -l**2 + 6*l - 3. Let i be r(5). Suppose 38 = i*b - 4. Is b a composite number?
True
Suppose -3*f = j + 18 + 4, -2*f = j + 21. Let t be (-3)/(3/76*2). Let p = j - t. Is p a composite number?
False
Let o(d) = 31*d + 11. Let p be o(-8). Let x = p - -386. Is x composite?
False
Let t = -48 + 69. Let c(j) = -2*j**3 + j**2 + j + 2. Let y be c(2). Let f = y + t. Is f a prime number?
True
Suppose y - 5*b + 8 = -b, 4*y - b + 2 = 0. Suppose -1467 = -y*o - 3*o - 4*v, -3*o + 1467 = 3*v. Is o prime?
False
Let j(n) = -3*n**2 - n**2 + 2*n**2 - 6*n**3 + 1 + n. Let u be -3 + 2 + (-2)/2. Is j(u) composite?
True
Suppose -476 - 107 = -t. Is t a composite number?
True
Suppose 0 = -4*f - 3*r, -2*r + 5*r = -3*f. Suppose k = 4*c + 17, 5*c + 5 = -f*c - 2*k. Is c/(-12) - (-23)/4 a prime number?
False
Let y(w) = w. Let h be y(1). Let p be (1/(2/2))/h. Is p/(-2) + 79/2 composite?
True
Suppose 20 = -4*r, 2*w + 4*r - 5*r - 663 = 0. Is w prime?
False
Suppose 3 + 11 = 2*p. Let d(v) = v**3 - 6*v**2 + 8*v. Let y be d(p). Suppose 3*s + 4*f - y = -0*f, 4*s - 171 = 5*f. Is s composite?
True
Let c(r) = 3*r**2 - 17*r + 21. Is c(-16) prime?
True
Suppose n = -n + 4*h + 8, 3*h + 13 = 5*n. Suppose 4*g + 230 = 2*w, w = n*g + g + 112. Suppose -5*o + w + 64 = 0. Is o a composi